+ 3*m - 5 - 15. Suppose 0 = -i - 2*o, 0 = -i - 3*o - 3. What is the highest common factor of i and u?
2
Suppose -2*r + 5 + 5 = 0. Suppose r*l - 2*x - 20 = 0, -3*l - 7 = l + 3*x. Calculate the greatest common factor of l and 2.
2
Suppose -4*y = v - 39 - 20, -v = 3*y - 44. What is the greatest common factor of 160 and y?
5
Let w = -266 - -420. Suppose -w = -4*u - 2*c - c, -48 = -u + 4*c. What is the greatest common factor of u and 20?
20
Let j(g) be the first derivative of 5*g**2/2 - 9*g + 3. Let t be j(4). Let h = 52 + 25. Calculate the greatest common factor of h and t.
11
Let i(r) be the second derivative of 11*r**3/2 - 17*r**2/2 - 3*r. Let o be i(9). Suppose o = y + 3*y. What is the greatest common factor of y and 28?
14
Let b be 129/24 - (-15)/(-40). Suppose -4*r + b*r = 4. What is the greatest common factor of 4 and r?
4
Let u(p) = 3*p - 3. Let y be u(2). Suppose 5*m - y*m - 8 = 0. Suppose -11 = -2*v + k, 4*k = 3*v - 28 + m. What is the greatest common factor of 44 and v?
4
Let l(p) = 2*p**2 + 6*p - 6. Let k be l(-5). Let v = 3596 - 3561. What is the highest common factor of k and v?
7
Let i(x) = 3*x**3 - 4*x**2 + 4. Let v(z) = -z**3 + z. Let m(p) = i(p) + 4*v(p). Let d be m(-5). Calculate the highest common factor of d and 27.
9
Suppose -t - x + 55 = 0, 2*x + 3*x + 229 = 4*t. Suppose 4*m = m + 24. Suppose -m = -f + 6. What is the greatest common divisor of f and t?
14
Let k(t) = 12*t - 187. Let d be k(18). Calculate the highest common factor of 1189 and d.
29
Let r be 0*(-4)/((-32)/(-4)). Suppose 4*w - 5 - 3 = r. Suppose w*q = 80 + 50. Calculate the highest common factor of 13 and q.
13
Suppose -12*i + 504 = -1332. Calculate the greatest common divisor of i and 204.
51
Let p(f) = 11*f - 9. Let w be p(6). Suppose 4*h = k + 2*k - 95, 2*k - 58 = 4*h. Let x = k - 18. What is the greatest common divisor of x and w?
19
Suppose -209 = -2*g + s, -2*g + s + s = -214. Let o be -5 + 1 + (g - 7). What is the greatest common factor of 13 and o?
13
Let t = 4183 + -4153. Let p(d) = 4*d**2 - 2*d - 6. Let u be p(-6). What is the greatest common divisor of u and t?
30
Let f = -382 + 406. What is the highest common divisor of 6 and f?
6
Let k(z) = -4*z**3 + z**2 - 3*z - 1. Let j(n) = 3*n**3 - 3*n - 2. Let g be j(-1). Let a be k(g). Let f = a - 24. What is the greatest common factor of f and 68?
17
Suppose -4*t - 2*o + 66 + 6 = 0, 2*t - 30 = 2*o. Calculate the highest common factor of t and 85.
17
Let z be (-15)/(-2)*8/3. Suppose 4*x - 2*x - 3*m - 13 = 0, 4*m = 20. Let j = z - x. Calculate the highest common factor of 42 and j.
6
Suppose -1552 = -51*o + 896. Calculate the highest common divisor of 32 and o.
16
Suppose 5*o + 847 = 35*o + 67. Let v(x) = x + 65. Let y be v(0). What is the greatest common divisor of y and o?
13
Let v(r) = r**3 - 29*r**2 + 33*r - 55. Let o be v(28). What is the greatest common divisor of 10 and o?
5
Suppose -2*z - 35 = -3*q + 44, 3*q + z - 64 = 0. Suppose 220 = q*b - 12*b. Calculate the greatest common factor of b and 2.
2
Let b be 22/33*30/4. Let f be (4 - (4 - 4))*b. Calculate the highest common divisor of f and 50.
10
Let i = 464 + -330. Calculate the highest common divisor of 335 and i.
67
Let c(w) = -w**2 + 126. Let b be c(0). What is the greatest common factor of 144 and b?
18
Let q(z) = -z**2 + 18*z - 4. Let y be q(8). Calculate the highest common divisor of 19 and y.
19
Suppose 5*c + 2*m - 80 = 7*m, 0 = 4*m - 16. Suppose 2*g + 27 = 25. Let y = g + 9. Calculate the greatest common factor of y and c.
4
Let a(g) = 235*g**3 - 2*g**2 + g. Let m be a(1). Let k = -3200 + 3226. Calculate the highest common factor of m and k.
26
Let a(t) = 6*t**2 + 25*t + 9. Let u be a(-9). What is the highest common factor of 990 and u?
90
Suppose 2*z - 3*v = -3*z + 1, 5*v = 4*z + 7. Suppose -h = -z*h + 6. What is the highest common factor of h and 3?
3
Let j(t) = -t - 1. Let h be j(-7). Suppose -25 = -h*m + m. Suppose -d - 4*d = -20, m*d = -4*k + 452. What is the greatest common divisor of k and 12?
12
Suppose 1175 = a - d - 1822, 2*a + 2*d - 6006 = 0. Calculate the highest common divisor of 12 and a.
12
Let l(i) = -i**3 + i + 5. Let u be l(0). Suppose -2*j + 3*j = 3*r + 29, -3*r = u*j - 55. Calculate the greatest common divisor of 28 and j.
14
Let i = 9 - 6. Let u(p) = 28*p - 3. Let g be u(i). Suppose 4*j = k + 36, -3*j - k + 27 = -6*k. Calculate the highest common factor of j and g.
9
Let q(a) = 0*a**3 - 1 + 8*a**2 - 3*a + 0*a - a**3 - 6. Let d be q(7). Suppose -2 = -2*x + 12. What is the greatest common factor of x and d?
7
Suppose -18*k + 64*k - 1417 = 147. Let f = -32 + 51. Suppose -2*x + f = 2*r - 81, -4*r - 5*x + 199 = 0. Calculate the highest common factor of r and k.
17
Let u = 55 - -15. What is the greatest common factor of u and 245?
35
Let o = -63 + 62. Let v be (o - 2 - -74) + 4. What is the greatest common divisor of 25 and v?
25
Let a be (-1098)/(-54) + 8/(-6). Suppose 0 = -5*d - 20 - 60. Let f = a + d. What is the greatest common factor of 12 and f?
3
Let a be (0 - -1) + (-66)/(-2). Let g(r) = -r**3 - 2*r**2 - 2*r. Suppose -5*d - 40 + 15 = 0. Let i be g(d). What is the highest common divisor of a and i?
17
Suppose 108 = 77*w - 200. What is the highest common divisor of 22 and w?
2
Suppose 2*u + 5 = 13. Let a(h) = h**2 - 12. Let j be a(u). Calculate the greatest common factor of 4 and j.
4
Let i(u) = -u**3 - 36*u**2 - 54*u - 57. Let g be i(-35). What is the greatest common factor of 38 and g?
38
Let x(l) = 183*l - 3. Let b be x(2). Let v = b - 153. Calculate the greatest common factor of v and 30.
30
Let v = -3167 + 4760. Calculate the highest common divisor of v and 118.
59
Let f be 221 + 0 + 11/((-77)/(-21)). What is the highest common divisor of 28 and f?
28
Suppose 53 = r - 45. Suppose -680 = -5*q + 5*l, r = q - 4*l - 47. Let u = 4003 - 3984. What is the greatest common divisor of u and q?
19
Let l(z) = -62*z + 60*z - 2 + 29*z. Let v be l(6). What is the greatest common divisor of v and 16?
16
Let l be (-1)/(3/(-36) + 0). Let b = 7 - l. Let k be (-7)/14 + b/(-2). What is the highest common divisor of 10 and k?
2
Let n(m) = m**2 - 14*m + 5. Let r be n(14). Suppose 155 = 2*k + 3*w, r*w + 11 = k - 34. What is the highest common divisor of k and 10?
10
Suppose 23*g + 6 = 21*g. Let x be (-110)/(-5) - (2 + g). What is the greatest common divisor of x and 184?
23
Suppose -u + 4*u - 57 = 0. Let r = 26 - u. Suppose 25 = 4*m - r. Calculate the highest common factor of 72 and m.
8
Suppose 5*r - 25*v + 24*v - 312 = 0, -5*r + 3*v = -316. What is the greatest common divisor of r and 2666?
62
Let u = -13 + 14. Suppose 4*n = -11 - u. Let i be (-4)/n*(-84)/(-8). Calculate the highest common divisor of 21 and i.
7
Let i be (-3)/(-12) + 38/8. Let h be i/((-15)/(-42))*1. Let s(o) = -9*o - 17. Let u be s(-5). Calculate the greatest common factor of h and u.
14
Suppose -4*n + 130 = 9*n. Let b(l) = l**3 - 12*l**2 + 2*l - 19. Let o be b(12). Calculate the highest common divisor of n and o.
5
Suppose -996*r + 2940 = -968*r. Let q be (14/(-3))/((-4)/18). Calculate the greatest common divisor of r and q.
21
Suppose -7*r - 20 = -17*r. Suppose -r*l + 1 = -3. Calculate the highest common divisor of 10 and l.
2
Suppose -64 = -16*f - 16. Calculate the highest common divisor of f and 3.
3
Suppose -61 = -10*d + 199. Suppose 0 = -25*m + d*m - 105. Calculate the highest common factor of 21 and m.
21
Suppose 10 = k - f, -k = k + 5*f - 55. What is the greatest common factor of k and 300?
15
Let n(i) = 7*i**2 - 3*i - 4. Let v be n(3). Let o be 2/5 + 430/v. Let l be 9 + 0*(-3)/o. Calculate the greatest common factor of l and 6.
3
Suppose -3*o = 3*i - 189, 2*i - 126 = o - 9. Calculate the greatest common factor of i and 48.
12
Let h(v) = -v**3 + 11*v**2 - 1. Let f = -26 + 36. Let k be h(f). Calculate the greatest common factor of k and 11.
11
Suppose 2*g = -2*r - g + 6, -2*g = -4*r + 12. Suppose 4*v + 84 = 5*y, -13 = -y - 4*v + v. Let d = y - 7. Calculate the highest common factor of d and r.
3
Let x = 1114 - 1041. Calculate the greatest common factor of 1 and x.
1
Suppose w = -5*w + 2124. Calculate the highest common factor of 590 and w.
118
Let j = -294 + 310. What is the highest common factor of 688 and j?
16
Suppose 6*v = 5*w + 11*v - 3140, 3*v + 1866 = 3*w.